- (7 - (9 + 0))) + -11?
-16
-22 + (26 - 5) - (0 + -10 + 0)
9
(-5 - -1) + 10 - (85 - 74)
-5
What is (-20 - -45) + 4 - 26?
3
What is the value of -6 + 1 + 23 + 4?
22
What is the value of -46 - (-30 + (8 - -7)) - -14?
-17
What is the value of 2 + (8 - (7 - -8) - (4 + 2))?
-11
Calculate (-5 + 1 - (-24 + 53 + -45)) + 23.
35
6 + (7 - (11 - -9)) - -12
5
Evaluate 1 - ((11 - 13) + -6 + 8).
1
Calculate -9 + (-14 - (5 - 16)).
-12
What is -138 + 133 + -27 + 13?
-19
Evaluate -865 + 831 - (2 - 33).
-3
Calculate 18 + (9 - (-3 + (-4 - (-7 + -2)))).
25
-6 + 14 + -11 + 4 + 0
1
What is 23 + 28 + -69 + 26?
8
Evaluate -29 + 10 - (-5 + -11) - (3 - -1).
-7
Evaluate 1 + -1 - ((7 + 2 - 11) + -6).
8
Evaluate 3 + -11 - (4 - 5) - (2 - 12).
3
0 + 1 - (0 + (-7 - 1) + 3)
6
What is (0 + -2 + 3 - 6) + (34 - 21)?
8
What is the value of -237 + 203 + (12 - 2)?
-24
(-16 + 16 - -11) + -26
-15
Calculate 44 + (0 + 1 - 1) + 749 + -759.
34
What is 13 - -9 - 13 - (-1 + 9)?
1
Evaluate -2 - (4 + -7) - (6 + -6 - 1).
2
Evaluate (4 + -5 - -6) + (-1 - 3) + 0.
1
-1 - (0 - -20 - 8) - -8
-5
Evaluate (1 - (9 - 4 - 6)) + 1 + 10.
13
What is -13 + (-12 - (-12 + -11 + 8))?
-10
5 - ((-2 - -14) + (13 - (-9 - -26)))
-3
What is -1 - -15 - ((0 - 13) + -274 + 286)?
15
What is the value of -4 + (1 - (5 - 6)) - (3 + -16)?
11
What is the value of 30 + -52 + 53 + -2?
29
25 + -1 + -21 + 100 + -66
37
Calculate 24 - 20 - (0 + -5).
9
What is -7 - (0 + 0 + -16 + 17) - -3?
-5
Calculate (-9 - (3 - 1)) + -7 - -1.
-17
What is -7 + 37 + -39 + -4 + 3?
-10
What is -5 - (14 + -4 - (-8 + 25))?
2
What is 4 - (3 - 20 - -4)?
17
What is the value of 34 + (-1 - (40 - 35))?
28
What is the value of 0 - 9 - (6 + -37 - -20)?
2
What is (4 - 4) + (-3 - -5 - -11)?
13
What is 11 + 8 + -47 + 48?
20
What is the value of 19 + -3 - (6 - (19 - 21))?
8
Calculate 5 + 11 + -22 - (3 + (12 - 1)).
-20
Evaluate (1 - 2) + 10 + (63 - (16 - -52)).
4
What is 19 + (-1 - (22 - 40))?
36
Calculate -7 + 22 - (-10 + 15 - 17).
27
10 + (5 - (1 + -4 + 11) - 2)
5
What is 18 + -8 + 1 + -31?
-20
What is the value of 19 - (1 + 4 + -7 - -6)?
15
What is the value of (-5 - 1) + 19 + 4 + -23 - 5?
-11
2 - 25 - (427 + -455)
5
Calculate 25 - (-68 + 33 - -53).
7
What is -7 - 8 - (-23 + 26)?
-18
What is the value of (10 - (-6 - 1)) + -11?
6
20 + -28 + (0 + -5 - (-3 - 8))
-2
Calculate -6 + (16 - -15 - 7) - (2 + -1).
17
Calculate 2 + 42 - 41 - (1 - 10).
12
(5 - 2) + (-1 - -5) + (-29 - 6)
-28
8 + (3 + (-13 - -5) - 4)
-1
Calculate 16 + -23 - (3 + -19 + 0) - 6.
3
Calculate 29 + (-16 + 20 - 47).
-14
-41 + (16 - 5) - -29
-1
-1 - (8 + (5 - 1) + -5)
-8
What is 10 + (18 - 9) + (0 - 9)?
10
Evaluate 14 + -11 + 2 + (-11 - -5).
-1
Calculate (-3 - (8 - 8)) + 9 + -14.
-8
Calculate 0 + -8 - -12 - (-5 + (-9 - -41)).
-23
What is (-3 - (-4 - 6)) + (15 - 38 - -17)?
1
Calculate -1 + 6 + -230 + 233.
8
What is -7 - (-5 + -5) - (-1 + 2 + 4)?
-2
Calculate 5 - 10 - -1 - 2.
-6
Evaluate 7 + (-22 - -8) + 18.
11
What is 27 + 3 + (-32 - (-4 + -25))?
27
What is the value of -29 + 16 + (18 - 6)?
-1
-4 + (5 - 3) - (-41 + (1 - -17))
21
-2 - -5 - (29 - (17 + -14))
-23
5 - (13 + -11 + 2 + 2 + -8)
7
(-9 - (-11 + -1 + -39 + 37)) + -39
-34
What is the value of -38 + 27 + (-3 - 0)?
-14
Calculate (1 - (21 + -7)) + 6.
-7
Evaluate (17 - -4 - 0) + -4.
17
What is the value of 10 + (-7 - (-11 - -7)) + -8?
-1
Calculate -3 + (-12 - (-6 + -1)).
-8
Calculate -6 - (-7 + (-25 + 32 - (-1 - -1))).
-6
What is the value of -313 - -283 - (1 + -26)?
-5
What is 16 + (0 + -14 - (27 - 35))?
10
Calculate 24 + -16 - (3 + -4) - 5.
4
Evaluate 1 + -27 - ((-29 - -45) + 2 + -17).
-27
What is the value of 2 + -17 - (-62 - -95 - 80)?
32
Calculate 12 - (-22 + 35 + -4).
3
Calculate 1 + 0 + -23 + 8 + 4 + -10.
-20
What is 13 - 22 - (2 + -11 + (1 - -2))?
-3
What is ((-4 - 1) + 6 + -2 - -3) + 6?
8
Calculate -15 - -29 - (10 + -1).
5
Calculate 6 + (-8 - (-1 - 22)).
21
What is 97 - 101 - (-9 + 3 - -2)?
0
What is 138 - 140 - (4 + 11 + -3)?
-14
What is the value of (2 - -29) + (77 - 94) + 0?
14
What is -8 - ((6 - 12) + 3 + -1)?
-4
Evaluate (2 - (-4 - -15)) + 1 + -1.
-9
(-17 - -4 - -33) + 4 + 3 + -7
20
Evaluate -46 + 45 + 2 + -2 + 0 + 5.
4
Calculate (-5 - (4 - 13)) + -34 + 23.
-7
(0 - -1) + 36 + -18 + -26
-7
What is -11 - 1 - (6 + 6 + -15)?
-9
What is 80 - 65 - (-5 - -5 - -5)?
10
Calculate -7 + 4 + 6 + -2 - -1 - 0.
2
What is the value of 23 + (18 - 10) + -7 + (-7 - -16)?
33
(12 - 15) + (7 - 2 - (11 - 5))
-4
What is 5 + -1 - (-5 + (-15 - (-4 - 6)))?
14
(1 - -1) + (10 + -15 - -20) + -7
10
-2 - -1 - (-5 - (4 - 18)) - 16
-26
(2 - 7) + 11 + -3 - (-9 + 4)
8
2 - (7 - (-1 + 1)) - -16
11
Evaluate -23 + (0 - 1) - (2 - 20 - -10).
-16
What is (-1 + -2 - -8) + (-21 + 6 - -36)?
26
What is 2 + -1 + (-8 - (0 + -6))?
-1
What is (-15 + -20 - -31) + 1 + 8 - 32?
-27
Evaluate 129 + -111 - (2 + 1).
15
What is the value of -17 - ((29 - 31) + (0 - 3) + -1)?
-11
What is the value of (25 - 1) + -374 + 355?
5
What is 10 - 1 - (-1 + 1 - -4 - 2)?
7
What is the value of 7 + (1 - (5 - 6)) - 12 - -29?
26
Calculate -10 + 1 + (11 + (15 - 10) - -13).
20
Calculate -38 - (-43 + 14 + 13).
-22
Calculate 1 + 4 - ((-29 - -25) + 6 + 0).
3
Calculate 16 - (56 + -29 + 11).
-22
What is the value of 277 - 268 - (1 + -3)?
11
What is the value of -36 + (10 - -11) + 5 - (-1 - 9)?
0
What is the value of (-8 + 15 - (0 + 3 + -1)) + 4?
9
What is the value of -34 + 34 + 1 - (0 - 1)?
2
Evaluate (2 - (-21 + 4)) + -11.
8
Calculate -1 + 2 + -7 + (-11 - -25 - 15).
-7
-27 + -2 + (6 - -4)
-19
-16 + (-54 - -25 - -41)
-4
What is the value of (-3 + 6 - (-3 - (-3 - 3))) + 9?
9
(0 - -16 - 1 - 2) + -25
-12
Evaluate (-12 - -5) + (-27 - -24) + -22.
-32
Evaluate 15 + -1 + -22 + (23 - 37).
-22
Calculate -8 + (3 - -2) + -4 + -2 + 3.
-6
Calculate 28 - 24 - (16 + 11).
-23
Calculate (-8 + -1 + 11 - 6) + (1 - 2).
-5
Evaluate 7 + -24 + 45 + -11 - 20.
-3
-13 + -7 + 11 - -19
10
Evaluate (4 - 17) + -1 + (-25 - -27).
-12
What is -30 - -18 - (-2 - 2 - (-2 - -4))?
-6
What is -628 - -618 - (2 - (-4 - 2))?
-18
Calculate 0 + (-1 - 0) - (15 - 20).
4
Calculate (2 - 1) + -16 + (1 - -14).
0
Evaluate (0 - (4 - 12) - 1) + 2.
9
Evaluate (10 - (-6 - -5)) + -45 + 24.
-10
Calculate 12 + -25 + -31 + 29.
-15
Evaluate (-2 - -9) + (1 - -8 - (-1 + 20)).
-3
Evaluate -10 + -1 - (0 + -50 + 19).
20
Evaluate -2 + -13 + (19 + -12 - 3).
-11
1 + -5 - (-63 - -49)
10
What is the value of (-17 + 6 - (14 + -6 - 9)) + -6?
-16
Evaluate -22 - (1 + 1 + -65 + 58 + -3).
-14
Evaluate (10 - 8 - 28) + 2.
-24
What is the value of 9 + -22 + 10 - (-7 + (6 - 5))?
3
-27 - (8 - 27) - -36
28
Calculate -14 + (-10 - -24) + 18.
18
What is the value of (3 - -10) + -21 - -8?
0
Calculate -2 - ((-11 - -3 - -7) + -13).
12
Calculate (-5 - -18) + -25 + 22.
10
3 + -25 + (83 - 27)
34
What is -16 + (14 - (9 + 0)) + 31?
20
Evaluate -25 - (-10 + -18 + 19).
-16
Calculate 2 + (5 - (1 - -2) - (-66 + 55)).
15
What is 124 + -127 - (-6 + (-4 - (-3 + 1)))?
5
What is the value of 5 + -10 + 0 + (6 - -1)?
2
Calculate 12 + (-9 + 8 + -27 - 11 - -1).
-26
What is the value of 14 + (11 + (18 - 34) - -13)?
22
What is -1 - 0 - -13 - (-180 + 184)?
8
What is 13 + -6 - (-2 - (7 + -12))?
4
Evaluate (-12 - (-43 + 7)) + -7 + 7.
24
What is the value of 21 + -11 + (13 - 11) - 16?
-4
Evaluate -9 + (-5 - (-9 - (1 + -7))).
-11
What is the value of 20 + (5 - 6) + -10 + 3?
12
Evaluate 8 + (-3 - 4) + -3 + 3 - -8.
9
-19 + 25 + -44 + 16 + -13
-35
Evaluate 6 - (-2 - (-7 + -7)).
-6
-11 + -16 - (-25 + 11)
-13
What is 12 + 1 + 4 + 9 + -18 + -3?
5
-3 + -2 - ((5 - 9) + 11 - 6)
-6
Evaluate 0 + 22 + 4 + -8 + (-89 - -99).
28
What is the value of -19 + 59 + -24 + 4?
20
What is -16 + (1 - 8) + (-46 - -53)?
-16
What is the value of -2 + (-31 - -13) + 29?
9
What is the value of -8 + (-6 - -11) + -9 - -3?
-9
What is the value of (2 - 7) + (-23 + 6 - -22)?
0
Evaluate (13 - -1) + (-9 + 3 - (17 - 21)).
12
Evaluate 7 - (-4 - -9 - (-2 + 4 + -4)).
0
Calculate 15 + -58 + 8 - -21.
-14
Evaluate (-1 - (6 - 0)) + -4 + 5.
-6
-15 - (-10 + 8 + -8)
-5
Calculate (19 - 13 - 6) + 0.
0
Calculate 2 + (-2 - 0) + -53 + 51.
-2
What is (-9 - -23 - 9 - 0) + 10?
15
What is the value of -17 - ((-26 - -44) + (-13 + 0 - -3))?
-25
What is the value of (-6 + 8 - -6) + -12 - 4 - 5?
-13
What is the value of -3 + 3 + 0 - (598 + -563)?
-35
What is the value of (7 - 21) + 7